620?
True
Is 6271 a multiple of 4?
False
Is 71 a factor of 2627?
True
Does 11 divide 22?
True
Is 9 a factor of 1351?
False
Is 28600 a multiple of 11?
True
Is 37230 a multiple of 73?
True
Does 27 divide 3591?
True
Does 15 divide 1566?
False
Is 14 a factor of 33449?
False
Does 2 divide 199?
False
Is 1575 a multiple of 3?
True
Does 6 divide 11544?
True
Is 23 a factor of 89271?
False
Is 36 a factor of 1152?
True
Is 5 a factor of 6340?
True
Is 64 a factor of 45568?
True
Is 882 a multiple of 42?
True
Is 8 a factor of 523?
False
Is 35 a factor of 2100?
True
Is 94 a factor of 4606?
True
Does 40 divide 483?
False
Does 38 divide 19424?
False
Is 119 a multiple of 110?
False
Is 14 a factor of 3451?
False
Is 320 a multiple of 41?
False
Does 28 divide 420?
True
Is 1047 a multiple of 4?
False
Does 116 divide 2436?
True
Is 165 a multiple of 51?
False
Is 64582 a multiple of 16?
False
Is 12350 a multiple of 26?
True
Does 19 divide 7023?
False
Is 8522 a multiple of 5?
False
Is 44 a factor of 10952?
False
Does 159 divide 23764?
False
Is 42 a factor of 2436?
True
Is 7 a factor of 813?
False
Is 8 a factor of 64?
True
Does 30 divide 1920?
True
Is 14 a factor of 224?
True
Is 186 a multiple of 31?
True
Is 61 a factor of 2074?
True
Does 7 divide 14?
True
Does 18 divide 1224?
True
Is 379 a multiple of 11?
False
Does 29 divide 261?
True
Does 12 divide 4123?
False
Is 4964 even?
True
Is 6 a factor of 257?
False
Does 25 divide 417?
False
Is 3314 a multiple of 49?
False
Is 1077 even?
False
Is 198 a multiple of 22?
True
Is 31 a factor of 1221?
False
Does 16 divide 31534?
False
Is 520 a multiple of 77?
False
Is 135 a factor of 76855?
False
Is 61 a factor of 2379?
True
Is 1955 a multiple of 25?
False
Is 7144 a multiple of 38?
True
Is 40 a multiple of 4?
True
Is 930 a multiple of 10?
True
Does 321 divide 18297?
True
Does 10 divide 6984?
False
Is 2596 a multiple of 15?
False
Is 892 a multiple of 15?
False
Is 8909 a multiple of 104?
False
Is 30576 a multiple of 294?
True
Is 308 a multiple of 28?
True
Is 4028 a multiple of 11?
False
Does 19 divide 16286?
False
Is 112 a multiple of 29?
False
Is 11466 a multiple of 14?
True
Is 81 a factor of 3105?
False
Does 318 divide 68806?
False
Does 26 divide 1774?
False
Is 9 a factor of 2397?
False
Does 10 divide 10470?
True
Is 2 a factor of 2146?
True
Is 784 a multiple of 28?
True
Does 92 divide 6900?
True
Does 57 divide 114?
True
Does 99 divide 27974?
False
Does 23 divide 4796?
False
Is 1386 a multiple of 18?
True
Is 96960 a multiple of 341?
False
Does 72 divide 3888?
True
Is 1410 a multiple of 30?
True
Does 59 divide 472?
True
Is 2255 a multiple of 11?
True
Does 25 divide 1641?
False
Is 17 a factor of 204?
True
Is 7 a factor of 894?
False
Does 69 divide 1311?
True
Is 33 a factor of 23727?
True
Is 16 a factor of 2256?
True
Is 1394 a multiple of 34?
True
Does 29 divide 406?
True
Is 61 a multiple of 2?
False
Is 342 a multiple of 19?
True
Is 1120 a multiple of 16?
True
Is 253 a multiple of 11?
True
Does 68 divide 446?
False
Is 78 a factor of 10998?
True
Is 4402 a multiple of 31?
True
Does 28 divide 4396?
True
Is 17 a factor of 7461?
False
Does 94 divide 17766?
True
Is 26 a factor of 49761?
False
Does 13 divide 91?
True
Is 390 a multiple of 2?
True
Does 3 divide 199?
False
Is 3108 a multiple of 21?
True
Does 26 divide 59696?
True
Does 95 divide 41610?
True
Is 9451 a multiple of 13?
True
Is 240 a multiple of 8?
True
Is 7 a factor of 3153?
False
Is 125425 a multiple of 146?
False
Is 34 a factor of 1938?
True
Does 53 divide 2968?
True
Is 3290 a multiple of 32?
False
Is 6 a factor of 900?
True
Does 24 divide 930?
False
Is 39 a factor of 47?
False
Does 81 divide 6804?
True
Is 8 a factor of 3912?
True
Is 81 a factor of 6155?
False
Is 6864 a multiple of 52?
True
Is 361 a multiple of 4?
False
Is 145 a factor of 7912?
False
Is 61 a factor of 116632?
True
Is 15 a factor of 10057?
False
Is 17140 a multiple of 10?
True
Is 71 a factor of 3382?
False
Is 20 a factor of 12860?
True
Does 14 divide 467?
False
Does 55 divide 14237?
False
Is 10 a factor of 16180?
True
Is 500 a multiple of 18?
False
Does 12 divide 3795?
False
Does 6 divide 14244?
True
Does 27 divide 891?
True
Is 50 a factor of 576?
False
Is 1265 a multiple of 22?
False
Is 2475 a multiple of 5?
True
Is 12 a factor of 6901?
False
Does 4 divide 81?
False
Is 1794 a multiple of 35?
False
Is 270 a multiple of 5?
True
Does 36 divide 216?
True
Does 12 divide 192?
True
Is 34560 a multiple of 9?
True
Is 17440 a multiple of 117?
False
Does 13 divide 230?
False
Is 10 a factor of 580?
True
Is 81 a factor of 17496?
True
Does 5 divide 96?
False
Is 1078 a multiple of 16?
False
Is 41327 a multiple of 11?
True
Does 39 divide 2415?
False
Is 4749 a multiple of 11?
False
Is 176 a multiple of 8?
True
Is 5367 a multiple of 60?
False
Is 2580 a multiple of 15?
True
Is 34 a factor of 350?
False
Does 11 divide 4604?
False
Is 35430 a multiple of 30?
True
Is 9840 a multiple of 16?
True
Is 12 a factor of 166?
False
Is 13 a factor of 34990?
False
Is 24 a factor of 1080?
True
Is 547 a multiple of 17?
False
Is 350 a multiple of 10?
True
Is 65 a multiple of 49?
False
Does 211 divide 37347?
True
Is 660 a multiple of 59?
False
Does 52 divide 330?
False
Is 7926 a multiple of 12?
False
Does 51 divide 4074?
False
Is 3 a factor of 458?
False
Is 1719 a multiple of 9?
True
Is 4410 a multiple of 18?
True
Is 108 a factor of 99212?
False
Does 23 divide 104788?
True
Is 45792 a multiple of 27?
True
Is 4558 a multiple of 106?
True
Is 1265 a multiple of 16?
False
Does 19 divide 4592?
False
Does 11 divide 3312?
False
Does 25 divide 1075?
True
Is 66 a factor of 2909?
False
Is 3760 a multiple of 80?
True
Does 4 divide 267?
False
Is 2336 a multiple of 74?
False
Is 1176 a multiple of 21?
True
Is 59 a factor of 28218?
False
Is 1074 a multiple of 34?
False
Is 3 a factor of 239?
False
Does 15 divide 1695?
True
Is 187 a factor of 41514?
True
Is 2100 a multiple of 28?
True
Does 56 divide 6160?
True
Does 20 divide 1820?
True
Is 3141 a multiple of 107?
False
Is 70800 a multiple of 251?
False
Is 143 a factor of 10296?
True
Is 1342 a multiple of 22?
True
Is 8529 a multiple of 15?
False
Is 1689 a multiple of 51?
False
Is 11 a factor of 16016?
True
Is 49 a factor of 931?
True
Does 10 divide 173?
False
Is 20 a factor of 1284?
False
Is 364 a multiple of 4?
True
Is 6 a factor of 960?
True
Is 4576 a multiple of 104?
True
Does 28 divide 6847?
False
Is 168 a factor of 7560?
True
Is 15696 a multiple of 12?
True
Does 4 divide 11532?
True
Is 570 a multiple of 13?
False
Does 9 divide 4059?
True
Is 5750 a multiple of 47?
False
Is 14 a factor of 4485?
False
Is 87658 a multiple of 82?
True
Is 74 a factor of 8436?
True
Is 12 a factor of 180?
True
Does 23 divide 30248?
False
Is 9 a factor of 608?
False
Does 13 divide 3731?
True
Is 11 a factor of 4210?
False
Is 8874 a multiple of 29?
True
Is 38 a factor of 5340?
False
Does 96 divide 5069?
False
Does 86 divide 336?
False
Is 6 a factor of 18?
True
Is 302 a multiple of 2?
True
Is 33 a multiple of 24?
False
Is 17369 a multiple of 3?
False
Is 9 a factor of 14022?
True
Does 11 divide 14344?
True
Does 13 divide 18?
False
Does 61 divide 57218?
True
Is 6484 a multiple of 46?
False
Is 55334 a multiple of 70?
False
Is 35 a factor of 1050?
True
Is 22 a factor of 2262?
False
Is 5 a factor of 20?
True
Is 41336 a multiple of 171?
False
Is 1014 a multiple of 17?
False
Is 130 a factor of 2241?
False
Is 7363 a multiple of 8?
False
Is 8 a factor of 3736?
True
Is 9 a factor of 130?
False
Is 120 a factor of 51240?
True
Is 37 a factor of 1363?
False
Does 7 divide 1925?
True
Is 110 a factor of 80300?
True
Is 1365 a multiple of 35?
True
Is 3209 a multiple of 7?
False
Does 16 divide 6256?
True
Is 32 a factor of 461?
False
Is 122960 a multiple of 116?
True
Is 2483 a multiple of 56?
False
Is 59 a factor of 17267?
False
Does 9 divide 623?
False
Does 28 divide 1128?
False
Does 22 divide 264?
True
Does 4 divide 560?
True
Does 26 divide 27556?
False
Is 126 a multiple of 9?
True
Does 4 divide 300?
True
Is 84576 a multiple of 369?
False
Is 508 a multiple of 3?
False
Is 132 a multiple of 3?
True
Does 51 divide 51?
True
Is 513 a multiple of 57?
True
Is 320 a multiple of 80?
True
Is 1418 a multiple of 55?
False
Does 46 divide 1131?
False
Does 37 divide 5739?
Fa